culate the highest common divisor of 10 and s.
5
Suppose -32*l + 1993 = 233. Suppose 0 = -l*g + 40*g + 270. What is the highest common divisor of 36 and g?
18
Let d(w) be the second derivative of -25/6*w**3 - 1/6*w**4 + 2*w**2 + 5*w + 0. Let g be d(-12). Calculate the highest common divisor of 24 and g.
8
Let h be (-83)/((6/3 + -1)/(24/(-24))). Calculate the greatest common divisor of 3901 and h.
83
Suppose -8*w - 82 + 2392 + 1506 = 0. What is the greatest common factor of w and 689?
53
Suppose -26*w + 25*w - p + 82 = 0, 22 = -11*p. Calculate the greatest common divisor of w and 3486.
42
Let b(t) = -41*t**3 + t**2 + 1. Let k be b(-2). Let m be 333/(-15)*1/4*(-3380)/507. What is the highest common factor of m and k?
37
Suppose -4*j = b - 3477, 4*j = 2*b + 396 + 3078. What is the highest common divisor of j and 474?
79
Let g(h) = -10 + h + 48 + 0*h. Let s(m) = -18*m - 339. Let b be s(-18). Let y be g(b). Calculate the highest common divisor of 184 and y.
23
Let x(j) = -53*j - 60. Let m be x(-14). Suppose 6*w = -5*w + m. What is the highest common factor of 124 and w?
62
Suppose 2*d = -2*d + 620. Let f(j) = -3*j - 10*j**2 - 1 - 25*j - 2*j**2 + 9*j**2. Let h be f(-8). What is the greatest common factor of h and d?
31
Let s = 392682 + -392679. Let d be (6/8)/((-1)/(-20)). Calculate the greatest common divisor of d and s.
3
Let j(t) = t**2 + 25. Let r be j(0). Let z = 12503 - 12498. What is the highest common factor of r and z?
5
Suppose -19 = -13*k + 7. Suppose -343 = -k*p - 5*p. Suppose -10*m + 17*m - p = 0. Calculate the greatest common divisor of 28 and m.
7
Let g be (-4685)/(-15) - (-2)/(-6). Let w be 170/13 - 278/3614. What is the greatest common divisor of w and g?
13
Let p(r) = -3*r**3 + 31*r**2 - 12*r + 17. Let q be p(10). Let j(d) = -8*d**3 - 6*d**2 - 7*d. Let f be j(q). What is the highest common factor of 244 and f?
61
Let z(h) = 4*h - 1. Let t be z(7). Let a = 218 + -214. Suppose -2*c - 3*c - 2*u = -941, -4*c + 748 = a*u. What is the greatest common divisor of t and c?
27
Suppose 0 = 2*p - 3*j + 36, -4*p + 2*p = -5*j + 28. Let b(l) = -5*l - 115. Let c be b(p). Calculate the greatest common divisor of 2 and c.
1
Suppose 3*b - 361 = 4*u, -3*u - b = -4*b + 270. Let z be (3 - u/(-14))*-2. Calculate the highest common factor of 21 and z.
7
Let m = 2201 - 2196. Let k be (-1)/(-3) + 3/(-9). Suppose k = -m*j + 5, -5*b + 79 = -b - j. What is the highest common factor of b and 5?
5
Let k(z) = z - 4. Let p be k(4). Suppose 3*w - 24 = l - p, -5*l = -w - 6. Let t = 1056 + -1029. Calculate the highest common divisor of t and w.
9
Let r be 21 - (-1408)/11*4. What is the greatest common factor of r and 123?
41
Suppose 2*o + 4*w = 48, w = 6*w - 20. Let q(m) = -45*m + 196 + 2*m**2 + 164 - 303. Let j be q(23). What is the highest common divisor of j and o?
16
Let f(i) = 166*i**2 - 27*i + 2. Let o be f(-6). What is the highest common divisor of o and 20?
20
Let y be 59/5 + (137 - 149) - (-9392)/10. Calculate the greatest common divisor of y and 313.
313
Suppose -7*f + 16*f = -2115. Let r = f - -378. Calculate the greatest common divisor of 11 and r.
11
Let b = 34481 + -34476. Let q = 1 - 1. Suppose -h - 3*h + 220 = q. Calculate the highest common divisor of b and h.
5
Suppose 171*h + 60158 = 126*h + 815618. Calculate the greatest common factor of 24 and h.
12
Let s be 5 - 1/((-1)/5*-5). Suppose 30 = s*h - 10. Calculate the highest common factor of h and 370.
10
Let i = 544 - 219. Let b be (-1210)/(-70) + -17 + (-2)/7. Suppose i = 5*n - b. Calculate the highest common factor of 13 and n.
13
Suppose -4*d - 4*z = -88, d - 5*z - 6 - 16 = 0. Let k be ((-78)/(-52))/(3/(-1260)). Let r = -597 - k. Calculate the greatest common divisor of d and r.
11
Suppose -9*f + 10*f = 25. Let b(o) = o**3 - 7*o**2 + 5*o + 6. Let j be b(6). Suppose j = 213*t - 215*t + 100. What is the highest common factor of t and f?
25
Let o = 21183 - 11230. Calculate the highest common divisor of 37 and o.
37
Let t(x) = 2486*x - 2358*x - 36 - 118. Let m be t(3). What is the highest common divisor of 368 and m?
46
Suppose 8 = 4*m - 5*u - 61, 3*u - 13 = -m. Calculate the highest common divisor of m and 23824.
16
Suppose -26*x + 798 = -294. Suppose 4*y - s = 284 - 31, -2*s = -y + 72. Let v = y + -41. Calculate the highest common factor of x and v.
21
Let x be 4*(0 - -1)*4. Let c = 606 - 558. What is the highest common factor of c and x?
16
Let r(h) = -66*h - 7 - 4*h**2 + 62*h + 8*h**2 + 14*h**2. Let g be r(5). Calculate the greatest common factor of 47 and g.
47
Let q = -10 + 18. Let u(x) be the first derivative of x**4/4 - 7*x**3/3 - 9*x + 49. Let o be u(q). What is the highest common divisor of o and 5?
5
Suppose -3*x - 10 = 3*y - 19, -2*y - 9 = -x. Let r be (18/15)/(160/75 + y). What is the highest common factor of 27 and r?
9
Let z(h) = 2*h - 18. Let d be z(11). Suppose 15*s - 351 = 6*s. Let w = -11 + s. What is the greatest common factor of w and d?
4
Let r = -37 - -213. Let a(i) = 141*i - 542. Let g be a(4). What is the highest common divisor of g and r?
22
Let x be -1 + 9 + -4 + 0 - 0. Suppose 3*z - 5*o = 11, -x*z + 4 = -5*o - 4. Let y = z + 227. What is the greatest common divisor of y and 28?
28
Let b(h) = h**3 - h + 638. Let t be b(0). Let z be 29/((12/5)/(-4)*55/(-66)). Calculate the highest common factor of t and z.
58
Let m be (6/(-18))/(2/(-234)). Let k = -5 + m. Suppose k = l - 2*o, -4*l - 5*o = -o - 196. Calculate the highest common divisor of 66 and l.
22
Suppose 4*v - g - 7052 = g, 2*v + 4*g - 3526 = 0. Calculate the greatest common divisor of v and 129.
43
Let s = 5938 - 5862. What is the greatest common factor of s and 836?
76
Suppose -204*y = -210*y + 42. Suppose y*a - 84 = -7*a. What is the greatest common divisor of 24 and a?
6
Let c(m) = 3*m**2 - 11*m - 223. Let q be c(-12). What is the highest common divisor of q and 209?
11
Let k be (-1)/(13/(-21) - (-14)/49). Let r(p) = -p + 4*p**2 + 32*p**3 + 7*p**3 - 9*p**k - 3*p**2. Let v be r(1). What is the highest common divisor of v and 30?
30
Suppose -2405 = -8*i + 731. What is the greatest common divisor of 1274 and i?
98
Suppose -5*z + 2*v + 10151 = 0, 0 = 4*v - 7 - 1. Let b = z + -1271. What is the highest common divisor of 40 and b?
40
Let q = 139 - -37. Let w(z) = -11*z**2 - 2*z + 13. Let h be w(4). Let g be ((-4)/(-5))/(-1 + h/(-165)). Calculate the highest common divisor of g and q.
22
Suppose 0*s + 4*p = s + 423, 20 = 4*p. Let w = s - -670. Calculate the highest common divisor of 178 and w.
89
Let v be -8*(-11 - (2 + -2)). Suppose -70*a + 73*a = -3*j + 438, 4*j = -3*a + 430. What is the greatest common factor of a and v?
22
Suppose 388 = 2*q + l - 139, -2*q - 2*l = -524. Let a = q + -223. Suppose -n + 182 = 14. What is the greatest common factor of n and a?
42
Suppose -3*n - 8 = -3*k - 2, -12 = -4*n - k. Suppose -4*c - n*b + 2850 = 0, c - b - b - 700 = 0. Calculate the highest common divisor of c and 10.
10
Let m(w) = -4*w**3 - 1. Let v be m(-1). Let s = v - 3. Suppose 4*l - 78 + 2 = s. What is the greatest common factor of 38 and l?
19
Suppose 0 = -4*s + 3*p + 92274, 264*p - 6 = 267*p. Calculate the highest common factor of s and 18.
9
Let b(m) = m**2 + 19*m + 442. Let w be b(-17). Calculate the greatest common divisor of w and 24.
24
Suppose -4*h + 5*m + 85 = -h, 5*h + 2*m = 121. Let b = -694 + 719. Calculate the greatest common divisor of b and h.
25
Suppose -3*l = -5*z - 83 + 1, 5*l + z - 202 = 0. Calculate the highest common divisor of 1872 and l.
39
Let p(r) = 16*r**2 + 36*r - 63. Let h be p(2). Calculate the highest common factor of h and 9125.
73
Let g = -42 - -49. Suppose -92 = 28*m - 32*m + 4*v, 76 = 2*m + 4*v. What is the highest common divisor of m and g?
7
Suppose -149*b + 4*t + 4189 = -148*b, -5*t = -2*b + 8363. Calculate the highest common divisor of 44 and b.
11
Let p be (3 - 2)*1 + (3 - 2) + 130. What is the highest common factor of p and 12672?
132
Let y be (2 - 5*-4) + 0. Suppose 0 = -469*v + 11771 + 122363. What is the greatest common divisor of y and v?
22
Suppose -104 = -i - 16. Let w be (18/8)/(-7*(-12)/1568). Suppose 0 = w*d - 21*d - 168. What is the greatest common factor of i and d?
8
Let l = 52 - 152. Suppose 0 = -f + 176 - 43. Let m = l + f. What is the greatest common divisor of m and 11